ts digit of q?
1
Let z(x) = x**3 + 5*x**2 + 3*x - 2. Let s be z(-4). Suppose -4*p = -2 - s. Let i = p - -4. What is the units digit of i?
5
What is the units digit of 51*(7/(-14))/(2/(-4))?
1
Suppose 25 = a - 1. What is the units digit of a?
6
What is the units digit of (15/(-9) + 3)*(-6 + 66)?
0
Let m(q) = 15*q**2 - 1. Let k be m(1). Suppose 4*t = -t - g + k, -g = -5*t + 6. Suppose -z + t*a + 12 = 3*a, 2*a = 5*z - 46. What is the tens digit of z?
1
Let c = 39 + -2. Suppose -5*b + c = -3. What is the units digit of b?
8
Let c be -4*(1 - (-12)/(-8)). Let f(j) = 7*j - 3. Let n be f(4). Suppose -c*q = 3*q - n. What is the units digit of q?
5
Let d(g) = 8*g + 1. Suppose 0 = -3*x - 1 + 4. Let s be d(x). Suppose 4*c - c - s = 0. What is the units digit of c?
3
What is the tens digit of (3 - 6)/((-2)/16)?
2
Let g(o) = -5*o + o**2 + 7*o + 0*o**2. What is the units digit of g(-5)?
5
Suppose 4*w = -3*i - 81, -5*w - 3*i + 4 = 103. What is the units digit of ((-9)/w)/(2/4)?
1
Let q be (-119)/(-35) + 6/10. Suppose g + 2*g = 15, 8 = -4*i + q*g. What is the units digit of i?
3
Suppose 0 = 2*t + 6*z - z - 17, -z = -3*t. What is the units digit of t?
1
Let m = -23 + 50. What is the tens digit of m?
2
Suppose 0 = 2*z + m + 87, 6*z = 2*z - m - 169. Let q = z + 75. Suppose k + 5*a - 5 = 21, 3*k + 4*a - q = 0. What is the units digit of k?
6
Let p(i) = -i**2 + 10*i - 11. Let w be p(8). Suppose -4*y + 24 = -5*r, 0*y = -w*y + 5*r + 35. What is the units digit of y?
1
Suppose -696 = 22*a - 28*a. What is the tens digit of a?
1
Suppose 5*g - 187 = -4*c + 91, -180 = -3*g + 2*c. What is the tens digit of g?
5
Let h(t) = t**3 + 6*t**2 + 3*t - 7. Let r be h(-5). Suppose r*j - 8 = 5*s + 1, 5*j = -4*s + 52. What is the units digit of j?
8
Let q be 4/4 - (1 - 1). Suppose q = 5*h - 34. Let l(c) = c**3 - 8*c**2 + 7*c + 7. What is the units digit of l(h)?
7
Let n = -41 + 161. Suppose 2*j - n = -3*j. What is the units digit of j?
4
Let u(b) = b + 6. Let i be u(-8). Let v(m) = m**2 + m + 1. Let h be v(i). Suppose 0 = h*f + 7 - 19. What is the units digit of f?
4
Let o be (2 - 3)/(2/(-24)). Let g be 12/3*o/16. Suppose -2*b - 2*b - 2 = 3*s, g*b + 2*s = -1. What is the units digit of b?
1
Let h(p) = p**3 + 5*p**2 - 8*p - 7. Let g be h(-6). Suppose -v = -g*v + 20. Let d = 6 - v. What is the units digit of d?
1
Let m(u) = u**3 - 9*u**2 - 30*u - 11. What is the hundreds digit of m(13)?
2
Suppose -2*q + 4*q + 3*i = 108, -q = -4*i - 32. What is the units digit of q?
8
Let a(o) be the second derivative of o**4/4 - o**3/3 + o**2 - 5*o. Let t(y) = y**2 + 2. Let b be t(0). What is the units digit of a(b)?
0
Let b = 37 + -16. Suppose 0*w + b = 3*w. What is the units digit of w?
7
Let i(k) be the first derivative of k**4/4 - 7*k**3/3 - 3*k**2 + 4*k + 3. What is the units digit of i(8)?
0
Let f(b) = b**3 + 8*b**2 + 5*b + 8. What is the tens digit of f(-6)?
5
Suppose -5*g + 1380 = c, 3*g + 0*g - 2*c = 815. What is the units digit of g?
5
Let a be 0 + 3 + -6 + 5. Suppose a*z = -0*z - 4. What is the units digit of (9/(-6))/(z/4)?
3
Let b be 3/(-2 + (-14)/(-4)). Suppose b*k - j = -15, -4*k + 2*j = -3*j + 21. What is the units digit of ((-6)/k)/((-2)/(-9))?
3
Let i(c) = 3 + c**2 + c**3 + 2*c**2 - 5*c**2. What is the units digit of i(3)?
2
Let v(l) = -7*l - 5. Let w be v(-10). Let j = -37 + w. What is the tens digit of j?
2
Let j(p) = 4*p**2 + 8*p + 3. Let u be j(-7). Suppose 2*d = -4*g + 156, -3*g - 25 = d - u. Let a = g - 26. What is the tens digit of a?
1
Let v(s) = -3*s**3 - 2*s**2 + s - 4. What is the tens digit of v(-3)?
5
Suppose 0 = -5*u - 3*k - 0*k + 270, 4*u = -5*k + 216. What is the units digit of u?
4
Let v(c) = c**2 + 12*c + 2. Let z be v(-12). What is the units digit of 40 - z/(-1 - -2)?
8
Let d(v) = v**3 - 3*v**2. Let l be d(3). Suppose -3*c + m + 31 = l, c + 4*m - 52 = -3*c. What is the tens digit of c?
1
What is the units digit of 851/(-23)*(1 + (-2)/1)?
7
Suppose 12 = -u - u. Let n = u + 8. Suppose 0*x + 5*p = -x - 3, -4*p = n*x. What is the units digit of x?
2
Let d = -31 + 87. What is the units digit of d?
6
Suppose -5*q + 4 + 31 = 0. What is the units digit of q?
7
Let f = -53 + 32. Let b = f + 9. What is the tens digit of (-4)/b*33*1?
1
Suppose 2*s - 226 = 2*z, 2*s - z - 187 - 43 = 0. What is the hundreds digit of s?
1
Let g(u) = u + 16. Suppose -29 = 5*p + a, 5*p - 5*a = -4*a - 31. What is the tens digit of g(p)?
1
Let y(q) = -q**2 - q. Let a be y(-1). Suppose a = 2*r - r - 12. What is the units digit of r?
2
Suppose -1 = -2*h + 5. Suppose -2*o = 3*g + 1, -h*o + 31 = 3*g - 5*g. What is the units digit of o?
7
Let s(p) = -p**2 - p + 4. Let z be s(0). Suppose z*f + 6 = 7*f. What is the units digit of f?
2
Suppose 3*i - x - 4 - 1 = 0, -2*x = 4*i - 20. Suppose -9 - 7 = -4*m + 2*q, 5*m = -q + 20. Let o = m - i. What is the units digit of o?
1
Suppose -2*l + 3*q = -181, 221 = -2*l + 4*l + 5*q. What is the units digit of l?
8
Let o(w) = w + 7. Let y(u) = -4*u + 2. Let m be y(2). Let t be o(m). Let q = t + 10. What is the tens digit of q?
1
Let a(q) = -2*q - 2. Let l(s) = -3*s - 2. Let m(x) = 4*a(x) - 3*l(x). What is the units digit of m(9)?
7
Let n be (-34)/(-7) - 2/(-14). Suppose o + u - 5 = -0*o, -2*o = n*u - 16. What is the units digit of o?
3
Let u(g) = -3*g**3 - 25*g**2 + 9*g - 11. What is the tens digit of u(-9)?
7
Suppose 2*i + 3*i - 15 = 0. Suppose -4*v + d = 29, 3*d - 7*d + 2 = i*v. What is the tens digit of 4*2/(-4)*v?
1
Let m(z) be the third derivative of -11/24*z**4 + 1/120*z**6 + z**2 + 0*z + 0 + 2/15*z**5 - 7/6*z**3. What is the units digit of m(-9)?
1
Let j(c) = c**2 + 4*c - 4. Let m be -5 + 1 + 0/4. Let d be j(m). What is the units digit of -3*d/6 - -5?
7
Suppose 3*d = d + 4. Suppose -10 = -2*f - d. What is the units digit of f?
4
What is the tens digit of 42/63*87*3?
7
Let y = -32 - -61. Suppose 0 = -2*m + 4*c - 36, 4*m + c + y + 25 = 0. What is the units digit of -1 + (-3)/6*m?
6
Suppose 0*i + 2*i - 2*c = 132, -4*c - 327 = -5*i. What is the units digit of i?
3
Let w = 8 + -8. Suppose w = -5*m + 45 - 10. What is the units digit of m?
7
Let m = 12 - 2. Suppose -5*h - k - m = -109, 4*h - 5*k - 85 = 0. What is the units digit of h?
0
Let t = -1 + 4. Suppose -t*j + p = 6*p - 41, -j + 5*p = -7. What is the tens digit of j?
1
Suppose -3*d = -2*d, 5*d - 15 = -5*m. Suppose -9 + m = -2*j. Suppose j*q = -8 + 29. What is the units digit of q?
7
Let k(u) = -u**2 - 15*u + 12. What is the units digit of k(-7)?
8
Let g(w) = w**2 - 3*w - 2. Let k be g(4). Suppose 13 = -5*m - k. What is the units digit of -3*4/6 - m?
1
Suppose -h + 4*o = -33, -3*o = -4*h + 2*o + 132. What is the tens digit of h?
3
Let j = -1 - -1. Suppose 3*i + 5*q = j, 2*q + 1 = i - 10. Let b = i - 2. What is the units digit of b?
3
Let r = 1 + -2. Let l = r - -3. Suppose g = -g - s + 5, l*s - 6 = 0. What is the units digit of g?
1
Let t(k) = k**2 + 5*k**2 - 4*k**2 - 4*k**2 - k**3 + 2 + 2*k. Let v be t(-3). Suppose -39 = -v*l + o, -2*o + 17 - 4 = 3*l. What is the units digit of l?
7
Suppose -5*m + 3 + 187 = 0. Suppose 4*a = -2*w - 0*a + m, a = 3. What is the units digit of w?
3
Let y = -17 + 11. What is the tens digit of 34*((-21)/y)/7?
1
Let p be 1 + -3 - 5*-2. Suppose -5*g + 32 = -p. What is the units digit of g?
8
Suppose 0*a - 51 = -i + a, -i + 48 = -2*a. Suppose 0*z + i = 3*z. What is the tens digit of z?
1
Let f be -1*(3 + -8 + 3). Suppose 0 = n - f*z - 4, 0 = -7*n + 3*n + 2*z + 10. What is the units digit of n?
2
Let a(g) = 4*g - 3. Let x be a(2). Suppose -5*n + x = -10. What is the units digit of n?
3
Suppose 6*f = 13*f - 805. What is the tens digit of f?
1
Let j = -12 - -15. What is the units digit of j?
3
Let f(k) = k**2 - k + 4. Let v be f(0). Suppose p - 55 = -v*p. What is the tens digit of p?
1
Let u = 13 - 9. Suppose -w - u*w = -65. What is the tens digit of w?
1
Let b(o) = 3*o**2 + o - 7. What is the units digit of b(-4)?
7
Let l = -2 + 5. Suppose 0 = 5*o + 3*u - 41, 2*o + l*u + 0*u = 20. What is the units digit of o?
7
Let a be ((-12)/(-10))/(9/30). Suppose -3*d - 4*x = x + 25, a*d = x + 5. Suppose -2*c + c + 17 = d. What is the units digit of c?
7
Suppose -512 = -3*u - u. What is the units digit of u?
8
Let j be -3 - -1 - (-135 - 5). Suppose -2*n = n - j. What is the units digit of n?
6
Suppose -